actors of 120111.
3, 40037
What are the prime factors of 1076605?
5, 197, 1093
List the prime factors of 169197.
3, 7, 1151
What are the prime factors of 1095695?
5, 31, 7069
What are the prime factors of 1334242?
2, 7, 13, 7331
What are the prime factors of 12344856?
2, 3, 17, 79, 383
List the prime factors of 243366.
2, 3, 47, 863
What are the prime factors of 370729?
31, 11959
What are the prime factors of 9877884?
2, 3, 17, 41, 1181
What are the prime factors of 1703655?
3, 5, 17, 131
List the prime factors of 481468.
2, 13, 47, 197
What are the prime factors of 214777?
397, 541
List the prime factors of 121723.
7, 17389
What are the prime factors of 13780852?
2, 19, 179, 1013
What are the prime factors of 13703?
71, 193
What are the prime factors of 3902623?
167, 23369
List the prime factors of 3096902.
2, 1548451
What are the prime factors of 39952066?
2, 7, 11, 259429
List the prime factors of 237774.
2, 3, 23, 1723
List the prime factors of 953205.
3, 5, 11, 53, 109
What are the prime factors of 2790387?
3, 310043
List the prime factors of 205208.
2, 113, 227
List the prime factors of 19423527.
3, 6474509
List the prime factors of 30984.
2, 3, 1291
What are the prime factors of 165488?
2, 10343
List the prime factors of 1621217.
13, 53, 181
What are the prime factors of 701332?
2, 175333
What are the prime factors of 251938?
2, 103, 1223
List the prime factors of 4227198.
2, 3, 71, 9923
List the prime factors of 121769.
263, 463
What are the prime factors of 204541?
137, 1493
What are the prime factors of 2865300?
2, 3, 5, 9551
List the prime factors of 187195.
5, 29, 1291
List the prime factors of 2828379.
3, 23, 179, 229
List the prime factors of 4840340.
2, 5, 31, 37, 211
What are the prime factors of 5148676?
2, 13, 99013
List the prime factors of 6178069.
101, 61169
List the prime factors of 707609.
7, 2063
What are the prime factors of 2739007?
113, 24239
What are the prime factors of 18505659?
3, 6168553
List the prime factors of 461680.
2, 5, 29, 199
List the prime factors of 120734.
2, 17, 53, 67
What are the prime factors of 178321?
11, 13, 29, 43
List the prime factors of 1103032.
2, 7, 19697
What are the prime factors of 3925667?
3925667
What are the prime factors of 3395372?
2, 848843
List the prime factors of 158114.
2, 11, 7187
What are the prime factors of 17176749?
3, 17, 336799
List the prime factors of 684541.
11, 13, 4787
List the prime factors of 95404.
2, 17, 23, 61
List the prime factors of 17830225.
5, 7, 139, 733
List the prime factors of 19534426.
2, 239, 40867
What are the prime factors of 337517?
337517
List the prime factors of 6859428.
2, 3, 23, 29, 857
What are the prime factors of 3427820?
2, 5, 11, 15581
List the prime factors of 8062384.
2, 11, 19, 2411
What are the prime factors of 2136184?
2, 257, 1039
List the prime factors of 375028.
2, 29, 53, 61
List the prime factors of 3473575.
5, 7, 23, 863
List the prime factors of 1671006.
2, 3, 278501
What are the prime factors of 565718?
2, 41, 6899
What are the prime factors of 25376196?
2, 3, 421, 5023
List the prime factors of 288573.
3, 43, 2237
List the prime factors of 2140546.
2, 103, 10391
What are the prime factors of 397068?
2, 3, 7, 29, 163
What are the prime factors of 3929099?
3929099
What are the prime factors of 704011?
7, 11, 41, 223
List the prime factors of 228166.
2, 114083
What are the prime factors of 5382093?
3, 109, 151
List the prime factors of 423288.
2, 3, 5879
List the prime factors of 8062727.
8062727
List the prime factors of 38304296.
2, 4788037
List the prime factors of 2411243.
2411243
List the prime factors of 830161.
17, 47, 1039
List the prime factors of 3121093.
173, 18041
List the prime factors of 208084.
2, 52021
List the prime factors of 12246748.
2, 59, 51893
List the prime factors of 167069.
7, 29, 823
List the prime factors of 11549968.
2, 47, 15359
What are the prime factors of 268197?
3, 89399
What are the prime factors of 2254663?
29, 77747
What are the prime factors of 794046?
2, 3, 11, 53, 227
What are the prime factors of 14033461?
13, 269, 4013
What are the prime factors of 373922?
2, 31, 37, 163
What are the prime factors of 34420326?
2, 3, 457, 12553
What are the prime factors of 1724887?
1724887
List the prime factors of 15546781.
23, 29389
List the prime factors of 62549.
62549
What are the prime factors of 667207?
23, 29009
List the prime factors of 1870596.
2, 3, 7, 13, 571
What are the prime factors of 640981?
11, 58271
List the prime factors of 1416238.
2, 708119
List the prime factors of 745156.
2, 311, 599
List the prime factors of 178336.
2, 5573
List the prime factors of 35875983.
3, 11, 13, 241, 347
List the prime factors of 126527.
29, 4363
List the prime factors of 26329486.
2, 97, 135719
What are the prime factors of 2199266?
2, 1099633
List the prime factors of 1859178.
2, 3, 163, 1901
What are the prime factors of 1473100?
2, 5, 14731
What are the prime factors of 21298?
2, 23, 463
List the prime factors of 23064317.
113, 401, 509
What are the prime factors of 11340545?
5, 179, 12671
List the prime factors of 201338.
2, 100669
What are the prime factors of 844342?
2, 197, 2143
What are the prime factors of 5281273?
5281273
List the prime factors of 2518257.
3, 7, 37, 463
List the prime factors of 18641124.
2, 3, 172603
What are the prime factors of 1238785?
5, 109, 2273
What are the prime factors of 1214707?
13, 41, 43, 53
List the prime factors of 1021213.
151, 6763
List the prime factors of 771150.
2, 3, 5, 53, 97
List the prime factors of 40905.
3, 5, 101
List the prime factors of 292123.
13, 23, 977
What are the prime factors of 1898412?
2, 3, 158201
What are the prime factors of 2632645?
5, 181, 2909
List the prime factors of 371346.
2, 3, 59, 1049
What are the prime factors of 13191?
3, 4397
What are the prime factors of 2515335?
3, 5, 61, 2749
What are the prime factors of 2792111?
7, 149, 2677
What are the prime factors of 654737?
73, 8969
What are the prime factors of 5380788?
2, 3, 7, 9151
List the prime factors of 9036232.
2, 73, 15473
List the prime factors of 249802.
2, 7, 2549
List the prime factors of 4358636.
2, 113, 9643
What are the prime factors of 27242485?
5, 19, 286763
What are the prime factors of 6016129?
7, 859447
List the prime factors of 43859.
61, 719
List the prime factors of 1536470.
2, 5, 13, 53, 223
List the prime factors of 355457.
355457
List the prime factors of 801116.
2, 19, 83, 127
List the prime factors of 1003285.
5, 200657
What are the prime factors of 238994?
2, 7, 43, 397
List the prime factors of 791004.
2, 3, 29, 2273
List the prime factors of 3964491.
3, 146833
List the prime factors of 1348385.
5, 479, 563
What are the prime factors of 7889940?
2, 3, 5, 19, 769
What are the prime factors of 10924942?
2, 7, 41, 2719
What are the prime factors of 281984?
2, 2203
List the prime factors of 1528567.
571, 2677
What are the prime factors of 329572?
2, 82393
What are the prime factors of 5014813?
17, 294989
List the prime factors of 373089.
3, 124363
What are the prime factors of 2000922?
2, 3, 7, 11, 61, 71
List the prime factors of 38829.
3, 7, 43
What are the prime factors of 35089111?
35089111
List the prime factors of 669029.
669029
What are the prime factors of 1967766?
2, 3, 29, 43, 263
What are the prime factors of 789850?
2, 5, 15797
What are the prime factors of 2398673?
37, 241, 269
What are the prime factors of 12360256?
2, 151, 1279
List the prime factors of 193534.
2, 11, 19, 463
List the prime factors of 7021226.
2, 3510613
List the prime factors of 1131084.
2, 3, 3491
What are the prime factors of 6076456?
2, 759557
List the prime factors of 17842328.
2, 7, 47, 6779
List the prime factors of 17972476.
2, 23, 195353
What are the prime factors of 986270?
2, 5, 98627
List the prime factors of 342372.
2, 3, 103, 277
List the prime factors of 1901213.
347, 5479
What are the prime factors of 54485?
5, 17, 641
List the prime factors of 10128.
2, 3, 211
List the prime factors of 2277805.
5, 23, 29, 683
List the prime factors of 898939.
67, 13417
What are the prime factors of 7944872?
2, 13, 79, 967
List the prime factors of 12916451.
12916451
List the prime factors of 105971.
105971
What are the prime factors of 2136242?
2, 821, 1301
List 